 i(a).
-5
Let x(t) = t**3 - 4*t**2 + 3*t - 2. Let w be x(3). Let g(s) be the first derivative of s**4/2 + 4*s**3/3 + s**2 - 2*s + 1. Calculate g(w).
-6
Let h(i) = -3*i + 1. Let y be 24/60*(-5 + 0). Calculate h(y).
7
Suppose -6*y + y = 0. Suppose y*n + 5 = n. Let q(x) = -3*x**2 - 14*x + 12. Let a(u) = -5*u**2 - 21*u + 18. Let j(p) = 5*a(p) - 8*q(p). What is j(n)?
4
Let m(q) = q**3 - q**2 + 2. Let p = -31 + 31. What is m(p)?
2
Let p be 1 + 2 + -2 + 3. Let x(q) = -q + 5. Calculate x(p).
1
Let i = -13 - -23. Let j = 15 - i. Suppose -5*b - 35 = -5*h, 4*h + h = -j*b - 25. Let p(r) = 2*r + 7. Give p(b).
-5
Suppose -3*t + 23 = 2*p - 6*p, -5 = t + 5*p. Let r = t - 7. Let a(h) = 2*h - 1. What is a(r)?
-5
Let m(y) be the second derivative of 0*y**4 + 0 + 1/180*y**6 - 1/6*y**3 + 0*y**5 + 0*y**2 + 3*y. Let x(l) be the second derivative of m(l). Calculate x(1).
2
Let i(k) = -k + 1. Suppose 1 = -4*x + 5. Suppose -4*q - 3*a = 2*a - 45, -3 = -q - 4*a. Let d be ((-12)/q)/(x/5). Determine i(d).
5
Let r be ((-2)/5)/(1/(-5)). Let q(c) be the first derivative of c**4/4 - 2*c**3/3 - 2*c + 1. Determine q(r).
-2
Let r(i) = i + 3 - 5*i**2 - 2*i - 3*i - i**3. Calculate r(-4).
3
Let i(z) = z**2 - 1. Let g(y) = -4*y**2 + 7*y + 10. Let f(t) = g(t) + 5*i(t). Suppose -8*s + 4*s + 20 = 2*m, 1 = m - s. Let r = -8 + m. Give f(r).
-7
Let k be -9*(-3 + 6 - (-2)/(-1)). Let j(t) = -2*t - 12. What is j(k)?
6
Let l(g) = 3*g - 2. Let c(j) = -10*j + 5. Let i be 55/11 - 2*-1. Let q(t) = i*l(t) + 2*c(t). Determine q(6).
2
Let g(b) = 2*b**2 + 4*b + 2*b**2 - 5*b**2. Suppose 0 = 2*h - 6 - 2. Determine g(h).
0
Suppose i - 4 = 1. Let f(r) = -3*r**3 + r + 1 + 4*r**3 + 0*r - i*r**2. Give f(5).
6
Let b be 9 - 9/(27/12). Let a(x) = -x**2 + 2*x + 7. Give a(b).
-8
Let m(u) = 5*u**3 + 2*u**2 + 6*u + 1. Let y(o) = 14*o**3 + 5*o**2 + 17*o + 3. Let l(t) = 11*m(t) - 4*y(t). What is l(2)?
-5
Suppose 0 = 2*n + 4*o - 2 + 4, 5*n = -3*o - 12. Let v(p) = -1 + p**3 - 8*p + 2*p**2 + 6*p + 0*p + p**2. Determine v(n).
5
Let u(d) be the first derivative of -d**5/120 + 5*d**4/24 - d**3/3 - 2. Let s(g) be the third derivative of u(g). Determine s(6).
-1
Let n(z) = z. Let m = 8 + -2. Let d(w) = -15*w - 1. Let v(g) = m*n(g) + d(g). Let j = 2 - 3. Give v(j).
8
Let v(p) = -2 + 0*p - 2*p - 111*p**2 + 110*p**2 + 0*p. Let z(d) = d**3 + 7*d**2 + 7*d + 3. Suppose -n + 4*n + 18 = 0. Let l be z(n). Give v(l).
-5
Let u = 0 - 2. Let r(i) = 2 - 3*i**2 + 4*i**2 + i - 2*i**2. Calculate r(u).
-4
Let w(x) be the first derivative of x**2/2 + 8*x - 50. Calculate w(0).
8
Suppose -4 = -4*i - 2*a, 2*i - a + 14 = 2*a. Let t(z) = z**2 + 1. Let n(b) = b**2 + 2*b - 2. Let f(d) = i*n(d) - t(d). Suppose 3*k - 2*k = 1. Calculate f(k).
-3
Let n(r) = r - 2. Let j(c) = -c**3 + 5*c**2 - c + 2. Let v be j(5). Let b be (-18)/12 - v/2. Suppose b = 2*l - l + 3. What is n(l)?
-5
Let y = -22 + 15. Let c(w) = -w - 1. Give c(y).
6
Let i be 2/(-5) - 376/(-40). Let d = i - 14. Let w(t) = -t**2 - 6*t - 3. What is w(d)?
2
Let r(i) be the second derivative of 5*i**3/6 + i**2 - 7*i. Determine r(-3).
-13
Suppose 3*o - 19 = 2*b, -5*o - 2*b + 0*b = -21. Suppose o*m = 2*k - 24, -k - 3*m - 18 = -4*k. Let r(y) = -k*y**2 - 3 + 0 + 3*y**2 - y. What is r(4)?
9
Let q(k) be the third derivative of -k**4/24 + 2*k**3/3 - 22*k**2 + 2*k. Give q(4).
0
Let v(c) be the first derivative of -c**4/4 + 5*c**3/3 - 5*c**2/2 - 3*c - 26. Determine v(4).
-7
Suppose -1 + 5 = 2*v. Let x(s) = 1 - 3 + 4 - v*s + 5. Suppose 10 = 3*i - 5. Determine x(i).
-3
Let p be 2/3*(-10 - 21/(-3)). Let j(q) = q - 1. Let g(t) = 2*t - 3. Let n(b) = -g(b) + 3*j(b). What is n(p)?
-2
Suppose -j - 4*d + 38 = 4*j, 0 = 4*j + 4*d - 32. Let l(h) = 2*h**2 - 6*h - 8. Let k be l(j). Let n be 4/(-14) - 48/k. Let x(t) = 2*t**2 + t - 2. Determine x(n).
4
Let h(z) = -6*z**3 - 4*z + 12. Let t(x) = -2*x**3 - x + 4. Let n(r) = 2*h(r) - 7*t(r). Let m(y) = 5*y**3 - 2*y - 8. Let l(o) = -3*m(o) + 7*n(o). Give l(0).
-4
Let s be -2*4/(-16)*6. Suppose s*x + 1 = -2. Let r(i) = -6*i - 1. Give r(x).
5
Let j(q) = q. Let o(i) = i - 2. Let k be o(-1). Let z = k - -6. Determine j(z).
3
Let d(t) = -t**2 + 5*t - 2. Suppose 2*q = 3*q - 4*j + 3, -5*q + 4*j = 31. Let g = -2 - q. Calculate d(g).
-2
Let d(a) = a**2 + 5*a - 9. Let i(g) = g - 7. Let c(x) = -6*x + 35. Let w(f) = 2*c(f) + 11*i(f). Let p be w(0). What is d(p)?
5
Let c(v) be the first derivative of v**3/3 + 7*v**2/2 + 3*v - 36. Calculate c(-6).
-3
Let b be 1 + (3 - (3 + 4)). Let l(f) = -f**3 - 3*f**2 + 3*f + 4. What is l(b)?
-5
Let j(u) = u**3 + 11*u**2 - 14*u - 17. Let w(h) = 4*h - 4. Let q be w(-2). Determine j(q).
7
Let x = 64 - 61. Let b(l) = -l**2 + l - 3. Give b(x).
-9
Let d(n) be the first derivative of -n**3/3 + 5*n**2 + 38. Calculate d(9).
9
Let j(u) = -u**2 + 4. Suppose 0*x + 15 = 5*x. Suppose 0 = -5*k + x*k. What is j(k)?
4
Let z be (-2)/3*3/(-2). Let q(y) = y**2 + 3 + z + 5*y + 2. Suppose -4*a + 4*r = 15 + 9, 5*a = -4*r - 21. Determine q(a).
6
Let w(k) = -k**3 + 6*k**2 - 6*k + 2. Let y(r) be the third derivative of 1/24*r**4 + 0*r**3 - r**2 + 0*r + 0. Let x be y(5). Calculate w(x).
-3
Let a(t) = 7*t - 26. Let f(n) = 0*n + 5*n - 13 - n. Let o(x) = 6*a(x) - 11*f(x). Let k(g) = g + 7. Let r(s) = -11*k(s) - 6*o(s). What is r(-1)?
0
Let i(y) = -3*y - 6. Let u(r) = 3*r + 1. Let m(v) = -i(v) - 2*u(v). Let d = 6 + -4. Let l(n) = n**2. Let h be l(d). Give m(h).
-8
Let f(z) = z**3 - 3*z**2 - z - 2. Suppose 4*y + x = 25, -41 + 13 = -4*y - 4*x. Suppose -c - 5 = -2*u, 16 = 4*c + 6*u - 5*u. Let h = y - c. Give f(h).
-5
Suppose -3*w + 1 = -26. Let y = w + -3. Let r(i) = -i + 1. Let t(o) = o**2 - 7*o + 1. Let z(c) = r(c) - t(c). What is z(y)?
0
Let j(c) = -c**2 - 3*c + 4. Let y(d) = d**3 - 10*d**2 + d - 8. Let t be y(10). Let s = t - 6. Give j(s).
0
Let v(r) = -r + 3. Let h(w) = -2*w - 8. Let c be h(-7). Determine v(c).
-3
Let l(i) = i**3 + 5*i**2 - 8*i + 1. Suppose 5*w = 5*b + 13 - 48, 3*w = -2*b - 16. Determine l(w).
13
Let u be (0 - 6/(-5))*5. Let f(n) = 0*n + 6 + 5*n**2 + 0*n**2 + 6*n - n**3. Give f(u).
6
Let h(o) = o**3 + 3*o**2 + 5*o - 9. Let y(l) = l**3 + 2*l**2 + 4*l - 8. Let c(w) = -4*h(w) + 5*y(w). Let k be 58/18 - 2/9. Calculate c(k).
5
Let p(l) = -l**3 - 3*l**2 + 4*l - 1. Let v be 8/3*(-54)/36. Calculate p(v).
-1
Let y(a) = -a**3 + 6*a**2 - 5*a + 1. Let z be y(5). Let w(t) be the second derivative of -7*t**3/6 - t**2/2 - 38*t. Calculate w(z).
-8
Let w(m) be the first derivative of -m**6/120 - m**5/12 + m**4/4 - m**3/2 - 3*m**2/2 - 1. Let n(h) be the second derivative of w(h). Give n(-6).
-3
Let t(s) = 2*s - 7. Let y(d) = 3*d - 14. Let j = -13 + 18. Let u(p) = j*t(p) - 2*y(p). Determine u(5).
13
Suppose f + 2 - 5 = 0. Suppose f*w + 0 + 3 = 0. Let x(h) = -4*h**3. Determine x(w).
4
Let i(f) be the first derivative of f**4/4 + f**3/3 - 5*f + 3. Let d be i(0). Let s(n) = n**2 + 4*n - 2. Determine s(d).
3
Let w = 3 + -15. Let f be w/9*3/(-2). Let t(p) = -4 + f*p + p + 2*p + p**2. What is t(-5)?
-4
Let o = -1 + 3. Let q be o*((-10)/4)/5. Let p = 0 + q. Let z(v) = -5*v**2. Give z(p).
-5
Let x(v) = 10*v + v**2 + 0 + 3 - 66*v + 48*v - 1. Let o(r) = r**3 - 4*r**2 - 7*r + 7. Let g be o(5). Let i(a) = -3*a - 2. Let d be i(g). What is x(d)?
-5
Suppose 2*z = -2*z + 40. Suppose -z = -4*d - 5*p, -d + 7*p + 15 = 2*p. Let s(k) = k**3 - 6*k**2 + 3*k + 3. Calculate s(d).
-7
Suppose -5*v = -24 + 4. Let n(t) = 6*t - 2 + 4*t**2 - 5*t**2 - v*t + 4*t. Determine n(3).
7
Let s(g) = -g**3 + 2*g. Let k be s(2). Let m(o) be the third derivative of -o**5/60 - o**4/4 + 22*o**2. Give m(k).
8
Let z(w) = -3*w - 31 + 31. Give z(-1).
3
Let j(v) be the first derivative of 0*v**2 - 2 - 1/24*v**4 - 4/3*v**3 + 0*v - 1/60*v**5. Let x(c) be the third derivative of j(c). Give x(4).
-9
Let t = 16 + -7. Let w = 9 - t. Let s(v) = v - 5. Determine s(w).
-5
Let d(m) = m**2 + 7*m + 6. Let j = -6 + -1. What is d(j)?
6
Let g(i) = -i - 15. Let n(b) = -b - 10. Let q(w) = 5*g(w) - 7*n(w). Determine q(6).
7
Let h be 0 - (1 - 1 - 12). Suppose 2*z = 6*z + h. Let n(a) = -a - 2. Give n(z).
1
Let o be (-1)/((-30)/9 - -3). Suppose 6 = 2*q, z - 3*q = -3*z + o. Let n(u) = -5 - 4*u + 4 + z + 3*u. What is n(3)?
-1
Let q(z) = -7*z**2 - 1. Suppose 3*b + f = 14, -3*b - 4*f + 17 = -4*b. Let n be (-2)/(b + 1 + -6). Calculate q(n).
-8
Suppose 2*x